{"id":2647,"date":"2015-07-20T16:34:43","date_gmt":"2015-07-20T14:34:43","guid":{"rendered":"https:\/\/www.philippesauvage.org\/?page_id=2647"},"modified":"2026-03-18T12:39:22","modified_gmt":"2026-03-18T10:39:22","slug":"enseignement","status":"publish","type":"page","link":"https:\/\/www.philippesauvage.org\/?page_id=2647","title":{"rendered":"Enseignement"},"content":{"rendered":"<p>Voil\u00e0 plus de trente ann\u00e9es que Philippe Sauvage est enti\u00e8rement d\u00e9di\u00e9 \u00e0 l\u2019enseignement de l\u2019orgue au sein de deux conservatoires de la r\u00e9gion parisienne\u00a0: Puteaux (92) et Breuillet (91) du niveau d\u00e9butant au niveau excellence. Plusieurs de ses \u00e9l\u00e8ves sont devenus des professionnels de l\u2019orgue ce qui suscite en lui une fiert\u00e9 toute particuli\u00e8re.<\/p>\n<p>Philippe Sauvage organise d\u00e8s qu\u2019il le peut, des visites d\u2019orgues de toutes r\u00e9gions o\u00f9 les \u00e9l\u00e8ves peuvent parfois s\u2019essayer aux diff\u00e9rents aspects et particularit\u00e9s propres \u00e0 chaque instrument.\u00a0Tous les ans, il co-organise un grand voyage pour faire d\u00e9couvrir des instruments exceptionnels dans des pays \u00e9trangers.<\/p>\n<p>Nous avons ici d\u00e9velopp\u00e9 diff\u00e9rentes facettes de cette passion pour lui qu\u2019est l\u2019enseignement\u00a0:<\/p>\n<ul>\n<li>Un article sign\u00e9 Philippe Sauvage paru en 1991 dans le guide de l\u2019orgue et de l\u2019organiste de l\u2019ARIAM (Association R\u00e9gionale d\u2019Information et d\u2019Actions Musicales) d\u2019\u00cele de France qui pr\u00e9sente un projet p\u00e9dagogique de l\u2019enseignement de l\u2019orgue,<\/li>\n<li>Trois vid\u00e9os tir\u00e9es du DVD produit par l\u2019association des amis du grand orgue de Saint Pierre de Neuilly lors du concert des \u00e9l\u00e8ves de la classe d\u2019orgue de Puteaux \u00ab\u00a0Concert \u00e0 deux orgues\u00a0\u00bb,<\/li>\n<li>Un programme d\u2019audition des \u00e9l\u00e8ves du conservatoire de Breuillet en 2015,<\/li>\n<li>Un programme d\u2019audition des \u00e9l\u00e8ves du conservatoire de Puteaux en 1989,<\/li>\n<li>Le programme du voyage de la route des orgues en 2014.<\/li>\n<\/ul>\n<p><!--themify_builder_static--><\/p>\n<h3 style=\"text-align: left;\">Article\u00a0paru en 1991 dans le guide de l\u2019orgue et de l\u2019organiste de l\u2019ARIAM.<\/h3>\n<p style=\"text-align: left;\"><a href=\"https:\/\/www.philippesauvage.org\/?attachment_id=2666\" rel=\"attachment wp-att-2666\"><img loading=\"lazy\" decoding=\"async\" class=\"alignleft wp-image-2666 \" src=\"https:\/\/www.philippesauvage.org\/wp-content\/uploads\/2015\/07\/enseignsenspourtous1-208x300.jpg\" alt=\"enseignsenspourtous1\" width=\"293\" height=\"423\" srcset=\"https:\/\/www.philippesauvage.org\/wp-content\/uploads\/2015\/07\/enseignsenspourtous1-208x300.jpg 208w, https:\/\/www.philippesauvage.org\/wp-content\/uploads\/2015\/07\/enseignsenspourtous1-711x1024.jpg 711w, https:\/\/www.philippesauvage.org\/wp-content\/uploads\/2015\/07\/enseignsenspourtous1.jpg 1904w\" sizes=\"auto, (max-width: 293px) 100vw, 293px\" \/><\/a><\/p>\n<p style=\"text-align: left;\"><a href=\"https:\/\/www.philippesauvage.org\/?attachment_id=2667\" rel=\"attachment wp-att-2667\"><img loading=\"lazy\" decoding=\"async\" class=\"alignleft wp-image-2667 size-medium\" src=\"https:\/\/www.philippesauvage.org\/wp-content\/uploads\/2015\/07\/enseignsenspourtous2-215x300.jpg\" alt=\"enseignsenspourtous2\" width=\"293\" height=\"423\" \/><\/a><\/p>\n<h3 style=\"text-align: left;\">Vid\u00e9os des \u00e9l\u00e8ves de la classe d\u2019orgue de Puteaux \u00ab\u00a0Concert \u00e0 deux orgues\u00a0\u00bb.<\/h3>\n<div style=\"width: 640px;\" class=\"wp-video\"><video class=\"wp-video-shortcode\" id=\"video-2647-1\" width=\"640\" height=\"360\" poster=\"https:\/\/www.philippesauvage.org\/wp-content\/uploads\/2015\/08\/enseignaffichlar.jpg\" preload=\"metadata\" controls=\"controls\"><source type=\"video\/mp4\" src=\"https:\/\/www.philippesauvage.org\/wp-content\/uploads\/2015\/07\/enseignfl.m4v?_=1\" \/><a href=\"https:\/\/www.philippesauvage.org\/wp-content\/uploads\/2015\/07\/enseignfl.m4v\">https:\/\/www.philippesauvage.org\/wp-content\/uploads\/2015\/07\/enseignfl.m4v<\/a><\/video><\/div>\n<p>\u00a0<\/p>\n<p>Georg Friedrich Haendel (1685-1759).<\/p>\n<p>Concerto pour deux orgues en Fa majeur.<\/p>\n<p>Elisabeth Louvet, Ars\u00e8ne Villemin.<\/p>\n<div style=\"width: 640px;\" class=\"wp-video\"><video class=\"wp-video-shortcode\" id=\"video-2647-2\" width=\"640\" height=\"360\" poster=\"https:\/\/www.philippesauvage.org\/wp-content\/uploads\/2015\/08\/enseignaffichwasu.jpg\" preload=\"metadata\" controls=\"controls\"><source type=\"video\/mp4\" src=\"https:\/\/www.philippesauvage.org\/wp-content\/uploads\/2015\/07\/enseignwasu.m4v?_=2\" \/><a href=\"https:\/\/www.philippesauvage.org\/wp-content\/uploads\/2015\/07\/enseignwasu.m4v\">https:\/\/www.philippesauvage.org\/wp-content\/uploads\/2015\/07\/enseignwasu.m4v<\/a><\/video><\/div>\n<p>\u00a0<\/p>\n<p>Maurice Durufl\u00e9 (1902-1986).<\/p>\n<p>Choral vari\u00e9 sur le Veni Creator.<\/p>\n<p>Wan Soo Talagrand.<\/p>\n<h3 style=\"text-align: left;\">Programme d\u2019audition des \u00e9l\u00e8ves du conservatoire de Breuillet en 2015.<\/h3>\n<p><a href=\"https:\/\/www.philippesauvage.org\/?attachment_id=2671\" rel=\"attachment wp-att-2671\"><img loading=\"lazy\" decoding=\"async\" class=\"alignnone size-medium wp-image-2671\" src=\"https:\/\/www.philippesauvage.org\/wp-content\/uploads\/2015\/07\/enseignstcher1-211x300.jpg\" alt=\"enseignstcher1\" width=\"211\" height=\"300\" srcset=\"https:\/\/www.philippesauvage.org\/wp-content\/uploads\/2015\/07\/enseignstcher1-211x300.jpg 211w, https:\/\/www.philippesauvage.org\/wp-content\/uploads\/2015\/07\/enseignstcher1-722x1024.jpg 722w, https:\/\/www.philippesauvage.org\/wp-content\/uploads\/2015\/07\/enseignstcher1.jpg 1748w\" sizes=\"auto, (max-width: 211px) 100vw, 211px\" \/><\/a><\/p>\n<p><a href=\"https:\/\/www.philippesauvage.org\/?attachment_id=2672\" rel=\"attachment wp-att-2672\"><img loading=\"lazy\" decoding=\"async\" class=\"alignnone size-medium wp-image-2672\" src=\"https:\/\/www.philippesauvage.org\/wp-content\/uploads\/2015\/07\/enseignstcher2-211x300.jpg\" alt=\"enseignstcher2\" width=\"211\" height=\"300\" srcset=\"https:\/\/www.philippesauvage.org\/wp-content\/uploads\/2015\/07\/enseignstcher2-211x300.jpg 211w, https:\/\/www.philippesauvage.org\/wp-content\/uploads\/2015\/07\/enseignstcher2-722x1024.jpg 722w, https:\/\/www.philippesauvage.org\/wp-content\/uploads\/2015\/07\/enseignstcher2.jpg 1748w\" sizes=\"auto, (max-width: 211px) 100vw, 211px\" \/><\/a><\/p>\n<h3 style=\"text-align: left;\">Programme d\u2019audition des \u00e9l\u00e8ves du conservatoire de Puteaux en 1989.<\/h3>\n<p><a href=\"https:\/\/www.philippesauvage.org\/?attachment_id=2663\" rel=\"attachment wp-att-2663\"><img loading=\"lazy\" decoding=\"async\" class=\"alignnone size-medium wp-image-2663\" src=\"https:\/\/www.philippesauvage.org\/wp-content\/uploads\/2015\/07\/enseignputeau1-217x300.jpg\" alt=\"enseignputeau1\" width=\"217\" height=\"300\" srcset=\"https:\/\/www.philippesauvage.org\/wp-content\/uploads\/2015\/07\/enseignputeau1-217x300.jpg 217w, https:\/\/www.philippesauvage.org\/wp-content\/uploads\/2015\/07\/enseignputeau1-740x1024.jpg 740w, https:\/\/www.philippesauvage.org\/wp-content\/uploads\/2015\/07\/enseignputeau1.jpg 1787w\" sizes=\"auto, (max-width: 217px) 100vw, 217px\" \/><\/a><\/p>\n<p><a href=\"https:\/\/www.philippesauvage.org\/?attachment_id=2682\" rel=\"attachment wp-att-2682\"><img loading=\"lazy\" decoding=\"async\" class=\"alignnone size-medium wp-image-2682\" src=\"https:\/\/www.philippesauvage.org\/wp-content\/uploads\/2015\/07\/enseignputeau2-212x300.jpg\" alt=\"enseignputeau2\" width=\"212\" height=\"300\" srcset=\"https:\/\/www.philippesauvage.org\/wp-content\/uploads\/2015\/07\/enseignputeau2-212x300.jpg 212w, https:\/\/www.philippesauvage.org\/wp-content\/uploads\/2015\/07\/enseignputeau2-725x1024.jpg 725w\" sizes=\"auto, (max-width: 212px) 100vw, 212px\" \/><\/a><\/p>\n<p><a href=\"https:\/\/www.philippesauvage.org\/?attachment_id=2665\" rel=\"attachment wp-att-2665\"><img loading=\"lazy\" decoding=\"async\" class=\"alignnone size-medium wp-image-2665\" src=\"https:\/\/www.philippesauvage.org\/wp-content\/uploads\/2015\/07\/enseignputeau3-214x300.jpg\" alt=\"enseignputeau3\" width=\"214\" height=\"300\" srcset=\"https:\/\/www.philippesauvage.org\/wp-content\/uploads\/2015\/07\/enseignputeau3-214x300.jpg 214w, https:\/\/www.philippesauvage.org\/wp-content\/uploads\/2015\/07\/enseignputeau3-730x1024.jpg 730w, https:\/\/www.philippesauvage.org\/wp-content\/uploads\/2015\/07\/enseignputeau3.jpg 1756w\" sizes=\"auto, (max-width: 214px) 100vw, 214px\" \/><\/a><\/p>\n<h3 style=\"text-align: left;\">Programme du voyage de la route des orgues en 2014.<\/h3>\n<p><a href=\"https:\/\/www.philippesauvage.org\/?attachment_id=2668\" rel=\"attachment wp-att-2668\"><img loading=\"lazy\" decoding=\"async\" class=\"alignnone size-medium wp-image-2668\" src=\"https:\/\/www.philippesauvage.org\/wp-content\/uploads\/2015\/07\/enseignsrouteorg1-212x300.jpg\" alt=\"enseignsrouteorg1\" width=\"212\" height=\"300\" srcset=\"https:\/\/www.philippesauvage.org\/wp-content\/uploads\/2015\/07\/enseignsrouteorg1-212x300.jpg 212w, https:\/\/www.philippesauvage.org\/wp-content\/uploads\/2015\/07\/enseignsrouteorg1-724x1024.jpg 724w\" sizes=\"auto, (max-width: 212px) 100vw, 212px\" \/><\/a><\/p>\n<p><a href=\"https:\/\/www.philippesauvage.org\/?attachment_id=2669\" rel=\"attachment wp-att-2669\"><img loading=\"lazy\" decoding=\"async\" class=\"alignnone size-medium wp-image-2669\" src=\"https:\/\/www.philippesauvage.org\/wp-content\/uploads\/2015\/07\/enseignsrouteorg2-212x300.jpg\" alt=\"enseignsrouteorg2\" width=\"212\" height=\"300\" srcset=\"https:\/\/www.philippesauvage.org\/wp-content\/uploads\/2015\/07\/enseignsrouteorg2-212x300.jpg 212w, https:\/\/www.philippesauvage.org\/wp-content\/uploads\/2015\/07\/enseignsrouteorg2-724x1024.jpg 724w\" sizes=\"auto, (max-width: 212px) 100vw, 212px\" \/><\/a><\/p>\n<p><a href=\"https:\/\/www.philippesauvage.org\/?attachment_id=2670\" rel=\"attachment wp-att-2670\"><img loading=\"lazy\" decoding=\"async\" class=\"alignnone size-medium wp-image-2670\" src=\"https:\/\/www.philippesauvage.org\/wp-content\/uploads\/2015\/07\/enseignsrouteorg3-212x300.jpg\" alt=\"enseignsrouteorg3\" width=\"212\" height=\"300\" srcset=\"https:\/\/www.philippesauvage.org\/wp-content\/uploads\/2015\/07\/enseignsrouteorg3-212x300.jpg 212w, https:\/\/www.philippesauvage.org\/wp-content\/uploads\/2015\/07\/enseignsrouteorg3-724x1024.jpg 724w\" sizes=\"auto, (max-width: 212px) 100vw, 212px\" \/><\/a><\/p>\n<p><!--\/themify_builder_static--><\/p>\n","protected":false},"excerpt":{"rendered":"<p>Voil\u00e0 plus de trente ann\u00e9es que Philippe Sauvage est enti\u00e8rement d\u00e9di\u00e9 \u00e0 l\u2019enseignement de l\u2019orgue au sein de deux conservatoires de la r\u00e9gion parisienne\u00a0: Puteaux (92) et Breuillet (91) du niveau d\u00e9butant au niveau excellence. Plusieurs de ses \u00e9l\u00e8ves sont devenus des professionnels de l\u2019orgue ce qui suscite en lui une fiert\u00e9 toute particuli\u00e8re. Philippe [&hellip;]<\/p>\n","protected":false},"author":1,"featured_media":0,"parent":0,"menu_order":8,"comment_status":"closed","ping_status":"closed","template":"","meta":{"footnotes":""},"class_list":["post-2647","page","type-page","status-publish","hentry","has-post-title","has-post-date","has-post-category","has-post-tag","has-post-comment","has-post-author",""],"builder_content":"<h3 style=\\\"text-align: left;\\\">Article\u00a0paru en 1991 dans le guide de l\u2019orgue et de l\u2019organiste de l\u2019ARIAM.<\/h3>\n<p style=\\\"text-align: left;\\\"><a href=\\\"https:\/\/www.philippesauvage.org\/?attachment_id=2666\\\" rel=\\\"attachment wp-att-2666\\\"><img class=\\\"alignleft wp-image-2666 \\\" src=\\\"https:\/\/www.philippesauvage.org\/wp-content\/uploads\/2015\/07\/enseignsenspourtous1-208x300.jpg\\\" alt=\\\"enseignsenspourtous1\\\" width=\\\"293\\\" height=\\\"423\\\" \/><\/a><\/p>\n<p style=\\\"text-align: left;\\\"><a href=\\\"https:\/\/www.philippesauvage.org\/?attachment_id=2667\\\" rel=\\\"attachment wp-att-2667\\\"><img class=\\\"alignleft wp-image-2667 size-medium\\\" src=\\\"https:\/\/www.philippesauvage.org\/wp-content\/uploads\/2015\/07\/enseignsenspourtous2-215x300.jpg\\\" alt=\\\"enseignsenspourtous2\\\" width=\\\"293\\\" height=\\\"423\\\" \/><\/a><\/p>\n<h3 style=\\\"text-align: left;\\\">Vid\u00e9os des \u00e9l\u00e8ves de la classe d\u2019orgue de Puteaux \u00ab\u00a0Concert \u00e0 deux orgues\u00a0\u00bb.<\/h3>\n<p>[video m4v=\\\"https:\/\/www.philippesauvage.org\/wp-content\/uploads\/2015\/07\/enseignelar.m4v poster=\\\"https:\/\/www.philippesauvage.org\/wp-content\/uploads\/2015\/08\/enseignaffichlar.jpg\\\"] [\/video]<\/p>\n<p>\u00a0<\/p><p>Georg Friedrich Haendel (1685-1759).<\/p><p>Concerto pour deux orgues en Fa majeur.<\/p><p>Elisabeth Louvet, Ars\u00e8ne Villemin.<\/p>\n<p>[video m4v=\\\"https:\/\/www.philippesauvage.org\/wp-content\/uploads\/2015\/07\/enseignwasu.m4v\\\" poster=\\\"https:\/\/www.philippesauvage.org\/wp-content\/uploads\/2015\/08\/enseignaffichwasu.jpg\\\"][\/video]<\/p>\n<p>\u00a0<\/p><p>Maurice Durufl\u00e9 (1902-1986).<\/p><p>Choral vari\u00e9 sur le Veni Creator.<\/p><p>Wan Soo Talagrand.<\/p>\n<h3 style=\\\"text-align: left;\\\">Programme d\u2019audition des \u00e9l\u00e8ves du conservatoire de Breuillet en 2015.<\/h3>\n<p><a href=\\\"https:\/\/www.philippesauvage.org\/?attachment_id=2671\\\" rel=\\\"attachment wp-att-2671\\\"><img class=\\\"alignnone size-medium wp-image-2671\\\" src=\\\"https:\/\/www.philippesauvage.org\/wp-content\/uploads\/2015\/07\/enseignstcher1-211x300.jpg\\\" alt=\\\"enseignstcher1\\\" width=\\\"211\\\" height=\\\"300\\\" \/><\/a><\/p>\n<p><a href=\\\"https:\/\/www.philippesauvage.org\/?attachment_id=2672\\\" rel=\\\"attachment wp-att-2672\\\"><img class=\\\"alignnone size-medium wp-image-2672\\\" src=\\\"https:\/\/www.philippesauvage.org\/wp-content\/uploads\/2015\/07\/enseignstcher2-211x300.jpg\\\" alt=\\\"enseignstcher2\\\" width=\\\"211\\\" height=\\\"300\\\" \/><\/a><\/p>\n<h3 style=\\\"text-align: left;\\\">Programme d\u2019audition des \u00e9l\u00e8ves du conservatoire de Puteaux en 1989.<\/h3>\n<p><a href=\\\"https:\/\/www.philippesauvage.org\/?attachment_id=2663\\\" rel=\\\"attachment wp-att-2663\\\"><img class=\\\"alignnone size-medium wp-image-2663\\\" src=\\\"https:\/\/www.philippesauvage.org\/wp-content\/uploads\/2015\/07\/enseignputeau1-217x300.jpg\\\" alt=\\\"enseignputeau1\\\" width=\\\"217\\\" height=\\\"300\\\" \/><\/a><\/p>\n<p><a href=\\\"https:\/\/www.philippesauvage.org\/?attachment_id=2682\\\" rel=\\\"attachment wp-att-2682\\\"><img class=\\\"alignnone size-medium wp-image-2682\\\" src=\\\"https:\/\/www.philippesauvage.org\/wp-content\/uploads\/2015\/07\/enseignputeau2-212x300.jpg\\\" alt=\\\"enseignputeau2\\\" width=\\\"212\\\" height=\\\"300\\\" \/><\/a><\/p>\n<p><a href=\\\"https:\/\/www.philippesauvage.org\/?attachment_id=2665\\\" rel=\\\"attachment wp-att-2665\\\"><img class=\\\"alignnone size-medium wp-image-2665\\\" src=\\\"https:\/\/www.philippesauvage.org\/wp-content\/uploads\/2015\/07\/enseignputeau3-214x300.jpg\\\" alt=\\\"enseignputeau3\\\" width=\\\"214\\\" height=\\\"300\\\" \/><\/a><\/p>\n<h3 style=\\\"text-align: left;\\\">Programme du voyage de la route des orgues en 2014.<\/h3>\n<p><a href=\\\"https:\/\/www.philippesauvage.org\/?attachment_id=2668\\\" rel=\\\"attachment wp-att-2668\\\"><img class=\\\"alignnone size-medium wp-image-2668\\\" src=\\\"https:\/\/www.philippesauvage.org\/wp-content\/uploads\/2015\/07\/enseignsrouteorg1-212x300.jpg\\\" alt=\\\"enseignsrouteorg1\\\" width=\\\"212\\\" height=\\\"300\\\" \/><\/a><\/p>\n<p><a href=\\\"https:\/\/www.philippesauvage.org\/?attachment_id=2669\\\" rel=\\\"attachment wp-att-2669\\\"><img class=\\\"alignnone size-medium wp-image-2669\\\" src=\\\"https:\/\/www.philippesauvage.org\/wp-content\/uploads\/2015\/07\/enseignsrouteorg2-212x300.jpg\\\" alt=\\\"enseignsrouteorg2\\\" width=\\\"212\\\" height=\\\"300\\\" \/><\/a><\/p>\n<p><a href=\\\"https:\/\/www.philippesauvage.org\/?attachment_id=2670\\\" rel=\\\"attachment wp-att-2670\\\"><img class=\\\"alignnone size-medium wp-image-2670\\\" src=\\\"https:\/\/www.philippesauvage.org\/wp-content\/uploads\/2015\/07\/enseignsrouteorg3-212x300.jpg\\\" alt=\\\"enseignsrouteorg3\\\" width=\\\"212\\\" height=\\\"300\\\" \/><\/a><\/p>","_links":{"self":[{"href":"https:\/\/www.philippesauvage.org\/index.php?rest_route=\/wp\/v2\/pages\/2647","targetHints":{"allow":["GET"]}}],"collection":[{"href":"https:\/\/www.philippesauvage.org\/index.php?rest_route=\/wp\/v2\/pages"}],"about":[{"href":"https:\/\/www.philippesauvage.org\/index.php?rest_route=\/wp\/v2\/types\/page"}],"author":[{"embeddable":true,"href":"https:\/\/www.philippesauvage.org\/index.php?rest_route=\/wp\/v2\/users\/1"}],"replies":[{"embeddable":true,"href":"https:\/\/www.philippesauvage.org\/index.php?rest_route=%2Fwp%2Fv2%2Fcomments&post=2647"}],"version-history":[{"count":12,"href":"https:\/\/www.philippesauvage.org\/index.php?rest_route=\/wp\/v2\/pages\/2647\/revisions"}],"predecessor-version":[{"id":6430,"href":"https:\/\/www.philippesauvage.org\/index.php?rest_route=\/wp\/v2\/pages\/2647\/revisions\/6430"}],"wp:attachment":[{"href":"https:\/\/www.philippesauvage.org\/index.php?rest_route=%2Fwp%2Fv2%2Fmedia&parent=2647"}],"curies":[{"name":"wp","href":"https:\/\/api.w.org\/{rel}","templated":true}]}}